{"id":92,"date":"2011-09-12T22:44:48","date_gmt":"2011-09-12T22:44:48","guid":{"rendered":"http:\/\/fundacaobm.org.br\/fbm\/?page_id=92"},"modified":"2011-09-12T22:44:48","modified_gmt":"2011-09-12T22:44:48","slug":"missao","status":"publish","type":"page","link":"https:\/\/fundacaobm.org.br\/fbm\/a-fundacao\/missao\/","title":{"rendered":"MISS\u00c3O"},"content":{"rendered":"<p>&#8211; Promover o bem dos integrantes da Brigada Militar, ativos, inativos e aposentados, bem como, dependentes e familiares dos mesmos; das entidades vinculadas e cidad\u00e3os da sociedade em geral, provendo quando poss\u00edvel o desenvolvimento da pessoa dos mesmos, para o exerc\u00edcio pleno da cidadania.<\/p>\n<p>&nbsp;<\/p>\n","protected":false},"excerpt":{"rendered":"<p>&#8211; Promover o bem dos integrantes da Brigada Militar, ativos, inativos e aposentados, bem como, dependentes e familiares dos mesmos; das entidades vinculadas e cidad\u00e3os da sociedade em geral, provendo quando poss\u00edvel o desenvolvimento da pessoa dos mesmos, para o exerc\u00edcio pleno da cidadania. &nbsp;<\/p>\n","protected":false},"author":1,"featured_media":0,"parent":21,"menu_order":0,"comment_status":"open","ping_status":"open","template":"","meta":{"footnotes":""},"class_list":["post-92","page","type-page","status-publish","hentry"],"_links":{"self":[{"href":"https:\/\/fundacaobm.org.br\/fbm\/wp-json\/wp\/v2\/pages\/92","targetHints":{"allow":["GET"]}}],"collection":[{"href":"https:\/\/fundacaobm.org.br\/fbm\/wp-json\/wp\/v2\/pages"}],"about":[{"href":"https:\/\/fundacaobm.org.br\/fbm\/wp-json\/wp\/v2\/types\/page"}],"author":[{"embeddable":true,"href":"https:\/\/fundacaobm.org.br\/fbm\/wp-json\/wp\/v2\/users\/1"}],"replies":[{"embeddable":true,"href":"https:\/\/fundacaobm.org.br\/fbm\/wp-json\/wp\/v2\/comments?post=92"}],"version-history":[{"count":0,"href":"https:\/\/fundacaobm.org.br\/fbm\/wp-json\/wp\/v2\/pages\/92\/revisions"}],"up":[{"embeddable":true,"href":"https:\/\/fundacaobm.org.br\/fbm\/wp-json\/wp\/v2\/pages\/21"}],"wp:attachment":[{"href":"https:\/\/fundacaobm.org.br\/fbm\/wp-json\/wp\/v2\/media?parent=92"}],"curies":[{"name":"wp","href":"https:\/\/api.w.org\/{rel}","templated":true}]}}