{"id":90,"date":"2011-09-12T22:43:51","date_gmt":"2011-09-12T22:43:51","guid":{"rendered":"http:\/\/fundacaobm.org.br\/fbm\/?page_id=90"},"modified":"2011-09-12T22:43:51","modified_gmt":"2011-09-12T22:43:51","slug":"visao","status":"publish","type":"page","link":"https:\/\/fundacaobm.org.br\/fbm\/a-fundacao\/visao\/","title":{"rendered":"VIS\u00c3O"},"content":{"rendered":"<p>&#8211; Transformar-se, nos pr\u00f3ximos 3 (tr\u00eas) anos, em uma Institui\u00e7\u00e3o organizada, moderna e \u00e1gil, atendendo aos princ\u00edpios de sua finalidade;<\/p>\n<p>&#8211; Destacar-se como Funda\u00e7\u00e3o exemplar integrante da Associa\u00e7\u00e3o Rio-Grandense de Funda\u00e7\u00f5es;<\/p>\n<p>-Firmar novos conv\u00eanios at\u00e9 o limite da capacidade estrutural e de gerenciamento da Diretoria.<\/p>\n<p>&nbsp;<\/p>\n<p>&nbsp;<\/p>\n","protected":false},"excerpt":{"rendered":"<p>&#8211; Transformar-se, nos pr\u00f3ximos 3 (tr\u00eas) anos, em uma Institui\u00e7\u00e3o organizada, moderna e \u00e1gil, atendendo aos princ\u00edpios de sua finalidade; &#8211; Destacar-se como Funda\u00e7\u00e3o exemplar integrante da Associa\u00e7\u00e3o Rio-Grandense de Funda\u00e7\u00f5es; -Firmar novos conv\u00eanios at\u00e9 o limite da capacidade estrutural e de gerenciamento da Diretoria. &nbsp; &nbsp;<\/p>\n","protected":false},"author":1,"featured_media":0,"parent":21,"menu_order":0,"comment_status":"open","ping_status":"open","template":"","meta":{"footnotes":""},"class_list":["post-90","page","type-page","status-publish","hentry"],"_links":{"self":[{"href":"https:\/\/fundacaobm.org.br\/fbm\/wp-json\/wp\/v2\/pages\/90","targetHints":{"allow":["GET"]}}],"collection":[{"href":"https:\/\/fundacaobm.org.br\/fbm\/wp-json\/wp\/v2\/pages"}],"about":[{"href":"https:\/\/fundacaobm.org.br\/fbm\/wp-json\/wp\/v2\/types\/page"}],"author":[{"embeddable":true,"href":"https:\/\/fundacaobm.org.br\/fbm\/wp-json\/wp\/v2\/users\/1"}],"replies":[{"embeddable":true,"href":"https:\/\/fundacaobm.org.br\/fbm\/wp-json\/wp\/v2\/comments?post=90"}],"version-history":[{"count":0,"href":"https:\/\/fundacaobm.org.br\/fbm\/wp-json\/wp\/v2\/pages\/90\/revisions"}],"up":[{"embeddable":true,"href":"https:\/\/fundacaobm.org.br\/fbm\/wp-json\/wp\/v2\/pages\/21"}],"wp:attachment":[{"href":"https:\/\/fundacaobm.org.br\/fbm\/wp-json\/wp\/v2\/media?parent=90"}],"curies":[{"name":"wp","href":"https:\/\/api.w.org\/{rel}","templated":true}]}}